**2 - 8*b + 6. What is h(3)?
0
Let p(s) = s**2 + 9*s + 2. Give p(-6).
-16
Let y(c) = -25*c - 313. Give y(-12).
-13
Let l(x) = 5*x + 39. Calculate l(-11).
-16
Let z(k) = 3*k**2 + 5*k + 4. Determine z(-1).
2
Let t(g) = -g**3 - 6*g**2 + 2*g + 9. Calculate t(-5).
-26
Let w(p) = 4*p + 30. Calculate w(-9).
-6
Let z(n) = -2*n**2 + 25*n + 22. Calculate z(13).
9
Let w(l) = -l**2 + 11*l - 12. What is w(12)?
-24
Let b(m) = 5*m**2 + 5*m - 34. Determine b(5).
116
Let r(z) = z**3 + 10*z**2 + 3*z + 34. Calculate r(-10).
4
Let r(n) = n**3 - 8*n**2 + n - 4. Determine r(8).
4
Let k(h) = -h**2 + 32*h - 64. Calculate k(30).
-4
Let p(r) = -r**3 + 11*r**2 - 14*r + 6. What is p(10)?
-34
Let n(l) = -l**3 - 7*l**2 + 13*l + 34. Calculate n(-8).
-6
Let f(s) = s**2 - 3. Calculate f(2).
1
Let a(r) = -r**2 - 14*r - 21. What is a(-12)?
3
Let y(h) = h**3 - 9*h**2 - 9*h - 4. What is y(10)?
6
Let i(l) = -l**3 + 26*l**2 - 3*l + 81. Determine i(26).
3
Let w(n) = 6*n + 4. Calculate w(-1).
-2
Let q(g) = g**2 + g - 7. What is q(-5)?
13
Let c(u) = u**2 - 4*u - 3. Determine c(9).
42
Let f(v) = -v**3 - 4*v**2 - 3. Determine f(-4).
-3
Let a(q) = q**3 - 17*q**2 - 19*q + 19. Calculate a(18).
1
Let h(c) = 3*c**2 + 12*c + 11. What is h(-4)?
11
Let d(j) = 53*j + 255. What is d(-5)?
-10
Let l(n) = -n**2 + 7*n - 23. Calculate l(5).
-13
Let u(v) = -14*v - 26. Determine u(-6).
58
Let k(s) = -s**2 - 10*s + 17. What is k(-10)?
17
Let h(i) = -i - 1. Calculate h(2).
-3
Let j(p) = 3*p + 3. Give j(-4).
-9
Let d(y) = 15*y + 4. Determine d(2).
34
Let k(j) = -4*j**2 + 1. Determine k(-1).
-3
Let q(m) = 3*m**2 - 31*m - 3. Give q(13).
101
Let a(g) = 17*g - 21. What is a(3)?
30
Let n(r) = -r**2 - 1. Determine n(-1).
-2
Let d(p) = -4*p**2 - 38*p + 21. What is d(-10)?
1
Let s(u) = -u**2 - u - 113. What is s(0)?
-113
Let r(g) = -g**2 - 13*g - 45. Give r(-6).
-3
Let u(z) = 3*z**3 + 2*z**2 - 1. What is u(-1)?
-2
Let y(u) = 91*u**2 - 4*u + 2. What is y(1)?
89
Let b(p) = -p**2 - 18*p - 16. Calculate b(-12).
56
Let b(u) = u**3 + 8*u**2 - 8*u + 21. What is b(-8)?
85
Let p(c) = c**3 - 4*c**2 - 5*c. Give p(3).
-24
Let v(s) = -s**3 + 19*s**2 + 23*s - 38. Give v(20).
22
Let p(s) = -2*s + 27. Calculate p(17).
-7
Let f(u) = 3*u - 157. Determine f(47).
-16
Let l(v) = v**3 + 8*v**2 - 10*v - 18. Calculate l(-9).
-9
Let o(k) = -3*k**3 + 3*k**2 - 5*k - 2. Give o(3).
-71
Let a(s) = s**2 + 4*s + 9. What is a(-5)?
14
Let c(l) = -l**3 - 28*l**2 - 35*l - 66. Calculate c(-27).
150
Let m(j) = 6*j + 29. Determine m(-5).
-1
Let m(a) = -a**2 + 8*a - 1. Calculate m(6).
11
Let w(c) = -c + 43. Give w(-5).
48
Let u(a) = -2*a**3 - 12*a**2 - 4. Give u(-6).
-4
Let i(p) = -3*p**3 + 6*p**2 - 4*p - 4. Calculate i(3).
-43
Let l(n) = -n**2 - 19*n - 33. Calculate l(-17).
1
Let d(m) = -m - 1. Give d(7).
-8
Let f(s) = -7*s**2 + 2*s - 4. What is f(-3)?
-73
Let k(m) = -m**3 + 24*m**2 + 52*m - 2. Determine k(26).
-2
Let b(n) = -n**3 + 12*n**2 - 3*n - 19. Calculate b(12).
-55
Let x(n) = -n**2 - 8*n - 9. Give x(-5).
6
Let j(k) = -k**3 + 6*k**2 + 7*k - 6. Calculate j(7).
-6
Let v(k) = 27*k**2 + 6*k + 4. What is v(-2)?
100
Let u(x) = 27*x**2 - x. Calculate u(-1).
28
Let u(q) = -q**3 - 5*q**2 - 6*q - 32. Give u(-4).
-24
Let r(i) = i**3 - 15*i**2 + 15*i - 9. What is r(14)?
5
Let y(i) = -i**2 - 17*i + 21. What is y(-18)?
3
Let o(c) = 2*c**2 - 27*c + 86. Calculate o(9).
5
Let n(w) = 27*w + 38. Determine n(-8).
-178
Let j(n) = 4*n - 94. Give j(25).
6
Let m(a) = -a**2 + 28*a + 130. Determine m(-4).
2
Let j(z) = -31*z + 8. Calculate j(2).
-54
Let w(t) = -45*t + 34. Determine w(1).
-11
Let n(q) = -5*q**3 + q**2 - 3*q + 1. What is n(1)?
-6
Let j(u) = -u**2 + 11*u - 27. Determine j(7).
1
Let n(g) = -41*g**3 - g**2 - g + 2. Calculate n(1).
-41
Let y(b) = b**3 - 7*b + 2. Give y(3).
8
Let j(w) = -w**3 + 8*w**2 - 3*w + 6. Determine j(6).
60
Let s(z) = z**2 - 20*z - 20. Calculate s(21).
1
Let k(u) = 7*u**3 + 3*u**2 + 2*u. Calculate k(-2).
-48
Let z(y) = -11*y - 153. Give z(-28).
155
Let g(l) = l**3 - 22*l**2 - 21*l - 12. Calculate g(23).
34
Let j(m) = m**3 + 7*m**2 - 4*m - 18. Give j(-8).
-50
Let w(a) = -a**2 - 9*a + 12. Calculate w(-9).
12
Let m(g) = -g - 17. What is m(-9)?
-8
Let v(u) = u**3 + 3*u**2 - 9*u + 10. Give v(-5).
5
Let p(f) = f**2 - 7*f + 1. Calculate p(5).
-9
Let l(m) = m**3 + 16*m**2 - 19*m - 60. Calculate l(-17).
-26
Let a(j) = j**3 + 5*j**2 - 8*j - 6. What is a(-6)?
6
Let r(z) = -z**3 + 3*z. Determine r(0).
0
Let x(c) = -9*c**3 + c. Calculate x(-1).
8
Let f(l) = -l + 94. Give f(0).
94
Let a(f) = 7*f + 11. Calculate a(-8).
-45
Let j(w) = w**3 - 6*w**2 + 4*w - 9. What is j(6)?
15
Let t(q) = -9*q**3 - 2*q**2 - q. Give t(-2).
66
Let g(s) = -14*s - 6. Determine g(2).
-34
Let u(z) = z**3 - 16*z**2 - 16*z - 13. What is u(17)?
4
Let a(j) = -4*j**3 + 23*j**2 + 7*j - 9. Calculate a(6).
-3
Let s(c) = 55*c + 184. Calculate s(-3).
19
Let g(y) = -8*y - 8. Give g(-13).
96
Let x(w) = -159*w + 799. What is x(5)?
4
Let w(m) = -m**3 + 13*m**2 - m - 5. Calculate w(13).
-18
Let d(x) = -58*x - 61. What is d(-1)?
-3
Let b(c) = -3*c - 9. What is b(-6)?
9
Let r(z) = -z**3 - 32*z**2 + 6*z + 171. Determine r(-32).
-21
Let t(p) = 7*p - 53. What is t(7)?
-4
Let c(q) = -12*q + 4. What is c(5)?
-56
Let y(x) = 17*x - 1. Give y(-1).
-18
Let m(w) = -4*w. Calculate m(17).
-68
Let v(t) = 4*t + 7. What is v(0)?
7
Let y(u) = u**3 - 9*u**2 + 5*u - 9. Determine y(9).
36
Let u(r) = r**3 + 7*r**2 + 2*r + 5. Give u(-7).
-9
Let l(j) = -j**3 - 8*j**2 + 10*j + 4. Calculate l(-8).
-76
Let v(u) = 18*u + 111. What is v(-6)?
3
Let u(v) = 8*v - 10. Determine u(-7).
-66
Let a(z) = -z**3 + 2*z**2 + 5*z - 6. Calculate a(6).
-120
Let z(s) = -s**2 + 5*s - 2. Calculate z(4).
2
Let j(u) = 512*u + 518. What is j(-1)?
6
Let t(b) = -2*b**3 - 25*b**2 - 13*b - 30. Calculate t(-12).
-18
Let c(y) = y**3 + 13*y**2 + y + 2. What is c(-13)?
-11
Let f(q) = -q + 16. Give f(5).
11
Let n(s) = 4*s**2 - 5*s - 9. Give n(-2).
17
Let o(b) = 6*b**2 + 2. Determine o(2).
26
Let c(v) = -v**3 - 16*v**2 + 12. Calculate c(-16).
12
Let v(c) = 2*c + 4. What is v(-5)?
-6
Let c(q) = q**2 - 23*q + 150. Determine c(9).
24
Let j(n) = -3*n**3 - 6*n**2 + 2*n - 15. Calculate j(-4).
73
Let d(c) = -12*c**2 - 20*c - 34. What is d(-2)?
-42
Let r(w) = 2*w**3 - 18*w**2 - 20*w - 16. What is r(10)?
-16
Let h(j) = 3*j + 80. What is h(-29)?
-7
Let z(r) = r**3 + 5*r**2 - 4*r + 7. Give z(-6).
-5
Let s(w) = -w - 14. What is s(11)?
-25
Let x(l) = l - 30. Calculate x(31).
1
Let z(u) = u**3 + 13*u**2 + 2*u + 18. What is z(-13)?
-8
Let p(g) = 6*g - 5. Give p(-13).
-83
Let f(r) = 3*r**2 + 6*r - 17. Calculate f(-8).
127
Let m(q) = 6*q + 8. Determine m(3).
26
Let u(y) = -y - 9. Give u(-9).
0
Let x(o) = -o**3 - 16*o**2 + 20*o + 31. Give x(-17).
-20
Let x(j) = 29*j - 373. What is x(13)?
4
Let j(g) = 2*g**3 - 29*g**2 + 39*g + 8. What is j(13)?
8
Let t(p) = -12*p - 5. Determine t(-4).
43
Let t(w) = 17*w - 62. Calculate t(3).
-11
Let v(d) = -d**3 - 3*d**2 + 6*d - 1. Calculate v(-3).
-19
Let g(b) = b**3 + 6*b**2 - 9*b - 5. What is g(-7)?
9
Let a(m) = 2*m**3 - 8*m**2 + 3*m + 1. Give a(3).
-8
Let n(m) = -9*m - 22. Calculate n(-15).
113
Let m(z) = z**2 + 11*z + 8. Give m(-9).
-10
Let z(s) = -7*s**2 - 1. What is z(-1)?
-8
Let n(y) = -y**3 - 5*y**2 + 11*y - 21. Give n(-7).
0
Let g(q) = 2*q**2 - 14*q + 30. Calculate g(6).
18
Let g(p) = -10*p**3 - 6*p**2 - 3*p + 7. Determine g(-3).
232
Let w(y) = 3*y**2 - 5*y - 13. Determine w(-5).
87
Let b(g) = -g**2 + g - 25. Determine b(0).
-25
Let z(b) = -4*b**2 + 25*b + 14. What is z(7)?
-7
Let q(a) = a**3 - 3*a**2 + 3*a + 2. Calculate q(4).
30
Let l(u) = -u**3 - 3*u**2 + 6*u + 7. What is l(-2)?
-9
Let z(q) = -2*q**3 + 60*q**2 + 63*q - 26. Determine z(31).
5
Let f(w) = w**2 - 5*w - 103. Determine f(9).
-67
Let t(y) = -y**3 + 10*y**2 + 10*y + 10. Determine t(11).
-1
Let n(x) = -5*x**2 - 8*x - 17. Determine n(-4).
-65
Let i(d) = 15*d**2 + 3*d - 1. Calculate i(1).
17
Let h(n) = -n**2 - 37*n - 3. Give h(-37).
-3
Let o(g) = 10*g - 4. Calculate o(5).
46
Let g(m) = -27*m + 84. Determine g(3).
3
Let d(u) = u**3 - 7*u**2 - 8*u - 10. Give d(8).
-10
Let r(a) = 3*a**2 - 46*a + 24. Determine r(15).
9
Let s(c) = c**2 - 16*c - 34. Give s(18).
2
Let v(n) = 17*n - 80. Calculate v(5).
5
Let f(u) = 87*u + 375. What is f(-4)?
27
Let l(h) = 10*h + 44. Give l